 d(k) = -6*k + 1. Let j be (-1)/(2/(-10)) + -2. Let x be 2 - (1 - j)/(-2). Give d(x).
-5
Let k(s) = 2*s - 4. Let v be 10/4*((-24)/30 + 2). Give k(v).
2
Let h(o) be the third derivative of o**4/24 - o**3/6 - 13*o**2 + 2*o. Let l = -2 + 2. Calculate h(l).
-1
Let q be 12*(-3)/27*9/(-2). Let h(x) = x**3 - 7*x**2 + 7*x - 1. Give h(q).
5
Let h(o) = o**3 - 2*o**2 - 2*o - 2. Suppose 0 = 6*i - 0*i - 18. What is h(i)?
1
Suppose -15 = -3*p + 8*p. Let v be (4/6)/(p/(-18)). Suppose 0*u = -v*u - 8. Let m(w) = -w**2 - 3*w - 2. Calculate m(u).
0
Let c = 18 + -16. Let g(p) = 4*p**c + 3*p - p**3 - 7*p - 9*p**2 + 3. Determine g(-4).
3
Let u(x) = 6*x**2 + 7*x + 2. Let n(m) = -7*m**2 - 7*m - 2. Let h(c) = 5*n(c) + 6*u(c). What is h(-7)?
2
Let m(a) = -2*a - 106 + 107 + 0*a. Calculate m(-1).
3
Let f(s) be the third derivative of s**5/20 + s**4/24 - s**3/6 - 30*s**2. Give f(1).
3
Let g(z) = -z**3 + 6*z**2 - 7*z + 4. Suppose -20 = p - 5*p. Determine g(p).
-6
Let s(t) be the second derivative of 1/2*t**2 + 0 + 3*t - 1/12*t**4 - 1/4*t**5 - 1/6*t**3. Determine s(1).
-6
Let y(b) = -b**2 - 5*b. Let c be y(-6). Let q(u) = u**2 + 6*u + 21 - 17 - 12. Give q(c).
-8
Let g(x) = -x + 3. Suppose 0 = -4*w + 3*y - 12, -2*w = -4*w - 3*y - 6. Let a(t) = -1. Let f(u) = w*g(u) - 7*a(u). Determine f(4).
10
Let g = 22 - 22. Let a(c) be the third derivative of 2/3*c**3 + 0 + g*c - 2*c**2 - 1/24*c**4. Calculate a(5).
-1
Let u(s) = s**2 - 12*s + 15. Let h be u(10). Let l be -3 - (-1 + 3)/(-1). Let w(c) = 1. Let j(d) = d - 2. Let y(q) = l*j(q) - 3*w(q). Calculate y(h).
4
Let j(w) = w - 3. Let a be j(7). Let s(r) = -r**2 + 5*r + 3. Calculate s(a).
7
Let b be 3/(-12) - (-2)/8. Suppose b = -3*k - 2*k + 15. Let m(v) = 2 + 4*v + k - 2. What is m(-2)?
-5
Let w be 6/(-15) + (-3)/5. Let k(m) be the third derivative of 5*m**2 + 1/6*m**3 - 3/40*m**6 + 0*m + 1/12*m**4 + 0 + 0*m**5. Give k(w).
8
Let t(s) be the first derivative of 5*s**2/2 - 2*s - 1. Let q(l) = -15*l + 5. Let x(u) = 4*q(u) + 11*t(u). Calculate x(2).
-12
Suppose 5*j = 2 + 8. Let m(h) = -7*h**3 - h**2 + 3. Let w(z) = -6*z**3 - z**2 + 2. Let a(g) = j*m(g) - 3*w(g). Determine a(-1).
-3
Let g(s) = 4*s**2 - s - 1. Let o = 5 - 3. Suppose b + o = 1. Determine g(b).
4
Suppose 3*i + i = -2*n + 14, 2*i + 4*n = 10. Suppose b + 12 = 2*u, -i*b = -4*u - 6 + 30. Let l(t) = -t**2 + 6*t - 4. Give l(u).
-4
Let t(x) = x**2 + 3*x + 1 - 1 + 5. Suppose -18 = -z + g + 2*g, -5*g - 50 = -5*z. Suppose -z*r = -r + 20. Give t(r).
9
Let l(o) = -o - 9. Let m = 21 - 21. What is l(m)?
-9
Let h(w) = -29 + 29 + 5*w. What is h(1)?
5
Suppose 3*n - 4*s - 5 = 0, s + 2*s = -5*n + 18. Let x(f) = -3 - f**3 + 6*f**2 - f**3 + 3*f**n. What is x(-6)?
-3
Let s(m) = -7*m**2 - 4*m + 10. Let y(k) = -15*k**2 - 9*k + 21. Let x(r) = -13*s(r) + 6*y(r). What is x(-3)?
11
Let q(s) = -s**2 + 7*s - 6. Let c(h) = h**2 + 8*h - 14. Let r be c(-10). Give q(r).
0
Let w(m) = 116*m**2 + m**3 - 1 + 4*m - 2 - 121*m**2. Suppose -2*z = z - 12. Calculate w(z).
-3
Let q = -7 + 12. Let m(v) = -v**3 + 2*v + q - 3*v**2 + 2*v - 3. Let j(y) = -25*y - 154. Let h be j(-6). Determine m(h).
2
Suppose -7*f - t = -6*f + 12, -28 = 4*f - t. Let b(a) = -a**3 - 8*a**2 - 10. What is b(f)?
-10
Suppose -5*f = 3*s, -f = 5*s + 2*f - 16. Suppose -g + s*k - 14 = 0, -g - k + 5 = 1. Let r(b) = -2*b**2 - 2*b - g - 3*b**3 - b + 0*b**2 + b. What is r(-1)?
2
Let t(n) = -n**2 + 2*n + 6. Suppose 3 = -l + 4. Let a = 56 + -55. Let p be ((l - -3) + 1)/a. What is t(p)?
-9
Let h(r) = 5*r**2 + r - 1. Suppose 3*d - 10 = -7*d. What is h(d)?
5
Let d(u) = -u**3 - 14*u**2 + u + 8. Let r be d(-14). Let y(j) = -j - 3. Calculate y(r).
3
Let a(w) = -4*w - 4. Suppose 2 = 2*y + 8. Give a(y).
8
Let a(n) be the third derivative of -1/12*n**4 - 7/6*n**3 + 0 + 0*n - 2*n**2. Give a(-5).
3
Let c(x) = -x + 1. Let z be c(5). Let w(y) = -9*y**2 + 9*y + 6. Let q(r) = 7*r**2 - 8*r - 6. Let u(i) = -5*q(i) - 4*w(i). What is u(z)?
6
Suppose 3*b - 2*n - 19 = 0, 4*n - 2*n + 4 = 0. Suppose 0 = -0*a - a + q + 10, -b*q = 25. Let c(v) = -v**2 + 5*v + 5. Give c(a).
5
Let n(c) = -c + 17. Let z be n(12). Suppose -99 = 2*p - 5*p. Suppose d - 6 = -4*y + 7, p = 4*y + z*d. Let q(o) = -o**2 + 3*o - 1. Give q(y).
1
Let a(b) = -b**2 - 2*b - 2. Let f(y) = -y**2 + 14*y + 12. Let v be f(15). What is a(v)?
-5
Let l(h) = -h**2 - 1. Let u(w) = -w - 3*w**2 - 4 + 6 - 3 - 2. Let b(z) = 4*l(z) - u(z). Calculate b(0).
-1
Let p(w) be the first derivative of w**3/3 - w**2 - 3*w - 2. Suppose -8 = -2*u + 28. Suppose 10 - 30 = -3*t - 4*o, -u = -4*t - o. Give p(t).
5
Let j(v) = 4*v**2 + v. Let p(k) = k + 16. Let n be p(-7). Suppose 5*z + d = 1, -4*z + n*z = 2*d + 13. What is j(z)?
5
Let b(l) = 0*l**2 - 2*l**2 + l + 16 - 17 + 0*l**2. Let f be b(1). Let g(j) = -j**3 - 4*j**2 - 3*j - 2. Calculate g(f).
-4
Let c = 2 + 2. Let z(h) = -2*h**2 - 4*h + 4*h**3 - 1 + h**3 - c*h**3. Give z(3).
-4
Let w(f) = -6*f. Suppose -3*d - 184 + 175 = 0. Determine w(d).
18
Let s(k) be the second derivative of -k**5/20 - 7*k**4/12 - 4*k**3/3 - 4*k**2 + 3*k. Determine s(-6).
4
Let q(j) = -2*j + 4. Let f be (-45)/(-10) - 2/4. Determine q(f).
-4
Let y(c) = 24*c**2 - 26*c**2 + 3 + 2*c - c. Determine y(3).
-12
Let l(p) = -p**2 + 3*p - 3. Let s be l(2). Let x(o) = 14*o + 5. Let n(y) = -13*y - 4. Let g(c) = 6*n(c) + 5*x(c). Give g(s).
9
Let v(b) = 5*b + 2. Suppose 2*g = 3*g - 5*z - 14, 4*g - 22 = 3*z. Suppose -3*a + g*u = -4 - 3, -3*a + u - 5 = 0. Calculate v(a).
-13
Let v(y) = y**3 + 6*y**2 + y - 5. Suppose -2*z - 24 = 5*n, 17 = -5*n + 2*z - 19. Determine v(n).
-11
Suppose -5*s + 54 = 279. Let q be (-2)/1*s/18. Let y(t) = -1 - 3*t + 3*t - t. Calculate y(q).
-6
Let f(q) = 4*q**3 + 9*q**2 - 2*q - 1. Let s(w) = w**3 + w**2 - 1. Suppose -3*t + 21 - 6 = 0. Let k(g) = t*s(g) - f(g). Calculate k(4).
4
Let v(i) be the second derivative of -i**2 - 2*i + 0 - 5/6*i**3 - 5/12*i**4 - 1/20*i**5. Let r(b) = -b**2 + 2*b - 1. Let s be r(3). Calculate v(s).
2
Let p(v) = v**2 - v - 1. Suppose -4 + 13 = 3*y. Determine p(y).
5
Suppose -u - 7 = -9. Let v be u/6 - 33/(-9). Let y(m) be the first derivative of m**4/4 - 5*m**3/3 + m**2 + 4*m - 3. Determine y(v).
-4
Let m(p) = -2*p**3 - 2*p**3 + 0 - 2 + 4*p**2 + 2*p. Let q(z) = 5*z**3 - 5*z**2 - 2*z + 3. Let a be (1 - (-4)/(-8))*6. Let k(r) = a*q(r) + 4*m(r). What is k(2)?
1
Let u(k) = -k + 1. Let y(g) = -2*g**2 + 6*g - 5. Let c(h) = 6*u(h) + y(h). Calculate c(2).
-7
Let s(x) = -x**3 + 6*x**3 - 1 - 6*x**3 - 4*x**2 - 4*x**2. Let w(j) = j**2 + 16*j - 25. Let t be w(-17). Give s(t).
-1
Let b(v) = 2*v + 11. Suppose 4*h + 72 = -4*h. What is b(h)?
-7
Let p(t) be the third derivative of -t**7/2520 + 7*t**6/720 - t**5/20 - t**4/12 + t**2. Let f(j) be the second derivative of p(j). Determine f(6).
0
Let h(b) be the first derivative of b**4/24 - 7*b**3/6 - 3*b**2/2 + 1. Let q(f) be the second derivative of h(f). What is q(5)?
-2
Let f be (-3 + 0)/((-3)/2). Let b(s) = -s - 3*s**2 - 4*s**f + 0*s. Determine b(-1).
-6
Let i(j) be the third derivative of -1/2*j**3 - 5/24*j**4 + 0*j + 4*j**2 + 0. What is i(-3)?
12
Let b(f) = -10*f**3 - 3*f**2 - 2*f - 2. Let r(a) = -11*a**3 - 4*a**2 - 3*a - 3. Let g = -1 - -3. Let h(w) = g*r(w) - 3*b(w). Give h(1).
9
Let c(r) = -2*r + 2. Let a be c(4). Let o(y) = -5*y + 16. Let l(d) = -11*d + 33. Let p(h) = a*l(h) + 13*o(h). Let k be p(-6). Let m(q) = -q + 6. What is m(k)?
2
Let l(d) = 7 - 2*d**2 - 5*d**2 + 2*d**2 - 8*d + d**2 + d**3. Give l(5).
-8
Let g(l) = 63*l**2 + 8*l - 35*l**2 + 12 + l**3 - 38*l**2. Calculate g(9).
3
Let z(q) be the third derivative of q**6/120 - q**5/20 - 5*q**4/24 - q**3/3 + 9*q**2. Give z(4).
-6
Let c(y) = -y**2 - 8*y - 7. Let g be 0 + 6 + (3 - 5). Suppose 25 = -g*i + w + 6, -22 = 5*i - 3*w. Determine c(i).
8
Let x(u) = 2*u**2 - 5 + 0 - u**2 + 4*u. Calculate x(-6).
7
Let s(p) = 2*p**2 + 3*p. Let x be s(-2). Let a(g) = -g - 2. Let t(f) = f. Let o(k) = -a(k) + 2*t(k). Determine o(x).
8
Let v(l) = l**3 + 10*l**2 + 8*l - 6. Let m be v(-9). Let q(x) = x**2 + x**2 + 1 + 2*x - x**3 - 3. Give q(m).
-5
Let v(q) = -q**2 - 7*q - 4. Let l = -30 - -25. Give v(l).
6
Let f(o) = -24*o - 4*o**2 + 2 + 30*o + o**3 + 10*o**2. What is f(-5)?
-3
Let l(k) be the first derivative of 9*k**4/4 - 2*k**3/3 + k - 4. Let v(u) = u**2 - 6*u - 8. Let c be v(7). Give l(c).
-10
Let b(h) = -4*h